n = 11 + -8. Suppose 0 = 4*q - 3*h + 100, h - n*h + 30 = -q. Let z = 22 - q. Calculate the greatest common factor of z and 11.
11
Let s(w) = -2*w - 11. Let v be s(-8). Suppose 0 = -v*j + d + 43, j - d + 10 = 21. Calculate the greatest common divisor of j and 16.
8
Suppose r = 5*m + 4, 3*m - 39 = -0*r - 4*r. Let z be 1/(3/(-6)) - -4. Let a = 7 + z. What is the greatest common divisor of r and a?
9
Suppose -2*c - 10 = -7*c, -c + 70 = 4*r. Calculate the greatest common factor of r and 153.
17
Let p be 4/10*-1*-60. What is the highest common factor of 72 and p?
24
Let u = -9 + 42. Let g be (u + -5)/((-2)/(-9)). What is the highest common divisor of g and 18?
18
Suppose -10*p = -14*p - 16. Let y(x) = x**3 + 5*x**2 - 2*x. Let o be y(p). What is the highest common factor of 6 and o?
6
Let n be (-15)/(-2)*(7 + -5). Suppose 4*v - 20 = -b, -3*v = -4*b + 3*b - 8. Suppose -v*g = -2*g - 10. What is the greatest common divisor of n and g?
5
Suppose 6*t - 59 - 37 = 0. Calculate the greatest common factor of t and 28.
4
Let w = 4 + -1. Let f(x) = -7*x + 3*x + x**3 - 4 + w*x**2 + 0*x**3. Let g be f(-3). Calculate the greatest common factor of 64 and g.
8
Let u(g) = 7*g. Suppose 2 + 3 = -q. Let p = 11 + q. Let m be u(p). What is the highest common factor of 14 and m?
14
Let r(t) = t. Let o(d) = 3*d + 3. Let k(b) = o(b) - 2*r(b). Let w be k(9). What is the greatest common factor of 30 and w?
6
Let w be -1 + 1 + 31 + -1. Suppose 4*t - 109 = -5*q + 51, 5*t = 3*q + 237. Calculate the highest common divisor of t and w.
15
Let c(p) be the second derivative of p**3/6 - 7*p**2/2 + 2*p. Let i be c(5). Let h be ((-3)/(-6))/(i/(-240)). What is the greatest common factor of h and 6?
6
Let z = -35 - -57. Suppose r + 2 = 3*r + 4*w, 4*r - z = w. Let v = 6 - r. What is the highest common divisor of 7 and v?
1
Let v = -1 + 5. Suppose a + 2 = 4*r, 2*a + v*r + 0 - 8 = 0. Suppose 0 = -3*p - a*i + 9 + 7, p + i - 6 = 0. What is the greatest common factor of p and 6?
2
Let n = 3 + -1. Suppose -n*y = -4*d - 0*y + 28, -2*y = -5*d + 36. Let i(j) = -j**2 + 17*j + 2. Let k be i(7). Calculate the highest common divisor of d and k.
8
Suppose 2*i - 4*c - 334 = 0, 2*c = -3*i - c + 474. Calculate the highest common factor of i and 23.
23
Suppose -5*q + 67 = -4*s + 1142, -1353 = -5*s - 3*q. Calculate the greatest common factor of s and 108.
54
Let d be 0 + 0 + 11 + -1. Let q be 15 + (1 - (-2 + 3)). Calculate the highest common factor of q and d.
5
Suppose -3*l + 4*l - z = 1, -4*l + 20 = 4*z. Let x(m) = 4*m**2 - 2*m + 8*m - l*m**2 + 10 - 5*m. Let b be x(0). Calculate the highest common factor of 70 and b.
10
Let x = 76 - 16. Let v be 7/4*x/5. Calculate the greatest common factor of 14 and v.
7
Let j = -13 + 21. Suppose 2*y = 5*z - 99, -4*z + y = -70 - j. Calculate the highest common factor of z and 133.
19
Suppose -3*p - 13 = -43. Suppose 0 = f + 4*f + p. Let n be 80 - 1*(2 + f). Calculate the highest common divisor of n and 10.
10
Let l = 50 - 26. Let t be 17 - -1 - (-2 + 4). What is the highest common divisor of l and t?
8
Let w = 1 - -13. Let x = -87 + 245. Suppose -5*j + x + 612 = 0. Calculate the highest common factor of w and j.
14
Suppose 0 = 4*n - 8 - 8. Let j = 9 - n. Suppose -4*r = -j*s - 323, -r - 2*r = s - 228. Calculate the greatest common factor of 11 and r.
11
Let a be 8/(-12)*(-18)/4. Calculate the greatest common factor of a and 27.
3
Suppose -5 = -3*p + 67. Calculate the highest common divisor of 12 and p.
12
Let d be ((-2)/4)/(1/(-6)). Let r be 3/((-6)/(-74)) + d. What is the highest common factor of r and 10?
10
Suppose -g + 2*q = -4, -g - 2*q + 19 = q. Let m = 5 + g. Suppose -l + 4 = -2. What is the highest common divisor of m and l?
3
Let t be (-708)/9*-6 - -2. Let q = 2 - 11. Let c be t/9 - (-6)/q. Calculate the highest common factor of 13 and c.
13
Let b = 6 + 4. Let v = -2 + 12. What is the greatest common factor of v and b?
10
Suppose -4*m + 40 = 5*t, 3*t + 0*m - 7 = m. Let d(v) = 13*v + 5. Let g be d(t). Let n = 113 - g. Calculate the greatest common factor of 8 and n.
8
Let y(j) = 9*j - 12. Let g be y(5). Let n = g + -9. Calculate the highest common factor of 3 and n.
3
Suppose -3*n + 6*n - 114 = -d, -d + 76 = 2*n. Suppose -64 = -4*u + 4*w, 4*w = 2*u - w - n. Calculate the highest common divisor of 35 and u.
7
Let i(m) be the first derivative of -m**4/4 - m**3 - 7*m**2/2 - 6*m - 1. Let k be i(-6). What is the greatest common divisor of 16 and k?
16
Suppose 5 - 26 = -p. Calculate the greatest common factor of p and 147.
21
Let p be ((-4)/(-5))/(10/150). What is the highest common factor of 60 and p?
12
Let k = -136 - -85. Let m = -24 - k. Calculate the greatest common divisor of m and 18.
9
Let s = 126 + -86. What is the highest common divisor of 5 and s?
5
Suppose -3*j + 1 = -2*j. Let c be (j - -47)*(7 - 6). Let o be ((-1)/(-2))/((-1)/(-16)). Calculate the highest common factor of o and c.
8
Let j(c) = -c - 2. Let v be j(-6). Let q = -165 + 185. Calculate the highest common divisor of q and v.
4
Let a(b) = -b**2 - b - 1. Let j(c) = -63*c**2 - 3. Let n(m) = 2*a(m) - j(m). Let p be n(1). What is the highest common divisor of 12 and p?
12
Suppose -5*v - k = -302, 2*k = -4*v + 7*k + 230. What is the greatest common divisor of 30 and v?
30
Suppose 0 = -3*v, 5*l + v + v = 120. Let b = 268 + -208. What is the highest common divisor of l and b?
12
Suppose 0*w - w = -3. Suppose 0 = -3*l + 6. What is the highest common divisor of w and l?
1
Suppose -q = 3*q - 308. Suppose 10 = 4*n - 34. Calculate the highest common divisor of n and q.
11
Let z = 23 + -11. Let u be (0 + -8)*(-34 + z). Calculate the highest common factor of 22 and u.
22
Let i(v) = v**2 - v + 1. Let z be i(2). Let t = 4 + -4. Suppose -4*b + t*b + 8 = 0. Calculate the greatest common divisor of z and b.
1
Let o(l) = -l**3 + 7*l**2 + 3*l - 16. Let t be o(7). Calculate the highest common factor of 1 and t.
1
Let s(o) = o**2 + 6*o - 15. Let f be s(-9). Calculate the highest common factor of 24 and f.
12
Let i be 0/(-3) + (-220)/(-2). Let j be (-11)/(2 - 9/3). Calculate the highest common divisor of j and i.
11
Suppose -2*p = 5*k - 165, 3*k - 66 = k - 4*p. Calculate the highest common divisor of 264 and k.
33
Suppose b = 2*g + 4, -g - 14 = -2*b + 6. Let w = -4060 - -1905. Let i be 4/16 + w/(-20). What is the greatest common divisor of b and i?
12
Let y = -8 + 12. Let h be 1352/28 - y/14. Suppose 0*g + 48 = 4*g. What is the greatest common factor of g and h?
12
Suppose -9 = -3*i + 4*t + 139, 4*i = -4*t + 216. Calculate the highest common factor of i and 13.
13
Let a = -117 - -205. Let b be (78/9)/((-2)/(-6)). Suppose -5*n + 29 = -b. What is the greatest common factor of n and a?
11
Let r = 51 + 12. Suppose -c = -10 + 3. Calculate the highest common factor of r and c.
7
Suppose -u = u + i + 12, -3*u + i - 23 = 0. Let k(o) = -o**2 - 10*o - 5. Let s be k(-7). Let v = u + s. Calculate the greatest common divisor of v and 99.
9
Suppose -4*f + 4*x = -77 - 79, 5*f - 2*x - 198 = 0. Let j = -26 - -34. Calculate the greatest common divisor of f and j.
8
Suppose -6*d = -70 - 104. What is the greatest common factor of 145 and d?
29
Let i(u) = -5*u + 8. Let f be i(-11). Suppose 3*b = -0 + f. Calculate the highest common divisor of 84 and b.
21
Let r(v) be the third derivative of v**4/8 + v**3/6 + v**2. Let a be r(4). Let i be ((-26)/3)/(4/(-6)). What is the highest common divisor of a and i?
13
Suppose -4*q + 109 = 4*y - 3, -q + 2*y = -28. Let h(x) = 3*x**2 - 4*x + 3. Let b be h(2). What is the highest common factor of q and b?
7
Suppose 8 = 3*a - 7*a, -3*v + 5*a = -52. Let h = -10 + v. Suppose -w + 6*w + 5*m - 145 = 0, 5*m + 80 = h*w. What is the greatest common divisor of w and 10?
5
Let t = 0 + 0. Suppose t = p - 5*p + 36. Suppose 0 = 2*d - 4*f - 26, 4*d + 5*f + 7 = -6. What is the highest common factor of d and p?
3
Suppose 245 = 5*c - 2*z + 3*z, 5*c + 5*z = 225. What is the greatest common factor of c and 25?
25
Suppose 4*v - 527 + 111 = 0. Calculate the highest common divisor of 39 and v.
13
Let p(x) be the first derivative of -x**4/4 + 3*x**3 - 7*x**2/2 - 5*x + 2. Let d be p(8). Calculate the greatest common divisor of d and 9.
3
Let h be 3*4*15/20. Calculate the greatest common factor of 18 and h.
9
Suppose 2*p - 6 = 3*